t i(r) = r**3 + 5*r**2 + 3*r - 3. What is i(m)?
1
Let m(w) = w + 8. Let y(g) = -21*g + 6. Let c be y(-2). Suppose c = -5*q + 18. What is m(q)?
2
Let c(f) = f**3 + 7*f**2 - f - 4. Let o(s) = 3*s**2 + 4*s - 1. Let u be o(-3). Suppose -8*x = -6*x + u. Calculate c(x).
3
Let r(j) = -j**2 + 7*j + 3. Let w = -15 + 22. Let q = w - 5. Let l be q/4 + 90/12. Calculate r(l).
-5
Let r(m) be the first derivative of m**3/3 - m**2/2 + 41*m - 519. Give r(0).
41
Let t = 8 + -6. Suppose -t*d = -d - 14. Suppose 5*q - l + d + 8 = 0, -3*q - 10 = l. Let f(s) = s**3 + 2*s**2 - 6*s - 1. What is f(q)?
-9
Let u(k) be the second derivative of -k**5/20 - k**4/3 - k**3/6 - k**2/2 + k. Let d(n) = 7*n**2 + 37*n + 7. Let g be d(-5). Give u(g).
-7
Suppose 170 - 62 = -3*z. Let s = -33 - z. Let d(n) = n**3 - 3*n**2 - 2*n + 3. Give d(s).
-3
Let y(i) be the third derivative of -i**6/120 - 13*i**5/60 + 5*i**4/8 + 11*i**3/6 - 766*i**2. What is y(-14)?
-3
Let c(j) = 227*j + 1 - 227*j + j**2 + j**3. Let q(y) = 2*y**3 + 9*y**2 - 5*y + 13. Let g(b) = c(b) - q(b). Calculate g(-9).
24
Let w = 770 - 780. Let m(a) = a + 23. Determine m(w).
13
Let r be (-14)/63 + (-173)/9*-1. Let f(c) = 7 + 3 + 8 - r - 7*c. Calculate f(-2).
13
Let f(g) be the first derivative of -g**3/3 - 3*g**2/2 + 9*g - 421. Calculate f(-5).
-1
Let v = 31 + -27. Let y(a) = v + 23*a - 39*a + 21*a - a**2. Let t be (-2)/(-6) - (-34)/6. Calculate y(t).
-2
Let s(m) = 4*m + 1. Let r be (0*3/(-12))/2. Suppose -3*q + 39 - 3 = r. Let t = q + -11. What is s(t)?
5
Let b(h) = 5*h - 56. Let a(x) = x + 6. Let p be a(2). Let k(m) = -3*m + 37. Let v(s) = p*k(s) + 5*b(s). Let l(w) = w**2 + w. Let i be l(-1). What is v(i)?
16
Let s(j) be the first derivative of -j**2/2 - 8*j - 235. Let y = -2 + -2. Let p be s(y). Let o(v) = 3*v + 3. What is o(p)?
-9
Let p(g) = -18*g + 58 + 21*g + 55 - 62. Give p(-15).
6
Let l(z) = 2*z**3 - 6*z**2 + 3*z - 3. Suppose 4*b - 12 = 0, 7 + 12 = r + 5*b. Calculate l(r).
41
Let z(d) = -2*d**3 - 9*d**2 - 6*d + 2. Let j(y) = y**3 + y**2 - 2*y - 3. Let a(b) = -j(b) - z(b). Let x = 10 - 17. Determine a(x).
-6
Let l(d) be the first derivative of 3*d**3 + 13*d**2/2 - 13*d + 27. Let u(q) = 2*q**2 + 3*q - 3. Let f(w) = 6*l(w) - 26*u(w). What is f(-1)?
2
Let v(d) = d**2 - 4*d - 6. Let o be 1 + (-3 - -1 - 1). Let h be v(o). Let k(a) = a**2 - 4*a - 5. What is k(h)?
7
Let v(u) = 4*u + 37. Suppose -41*o + 74*o = -264. What is v(o)?
5
Let r(d) = 13*d + 101*d**2 + 8 + d**3 - 94*d**2 - 6*d. Let u(h) = h**2 - 15*h + 48. Let o be u(9). Calculate r(o).
2
Let k(q) = 4*q**3 - 7*q**2 + 2*q + 5. Let l(z) = -z**3 + z**2 - 1. Let a(u) = -k(u) - 3*l(u). Suppose 4*h = 5*y - 8, 0 = -4*h + 9 + 3. Determine a(y).
-10
Let n(t) = -7*t**2 - 6*t + 1. Let r(o) be the third derivative of -1/24*o**4 + 0*o**3 + 7*o**2 + 0 + 0*o + 1/60*o**5. Let x(y) = n(y) - 6*r(y). Determine x(-1).
-12
Let i(h) = -h**3 - 2*h**2 + 4*h - 2. Suppose 3*l + 3*j + 96 = 0, 0 = -l - 0*j + 4*j - 52. Let f be 2/12 + (-66)/l. Calculate i(f).
-10
Let y(h) = -4 - 136*h + 134*h + 0*h**2 + h**2. Determine y(5).
11
Let t(u) = -5*u - 5. Suppose 5*b + 2 = 5*q + 7*b, -2*q + 4*b - 4 = 0. What is t(q)?
-5
Let u(s) = 3*s - 5. Let a be 19 + (-2 - -1) + -1. Suppose 6*w = a - 41. Determine u(w).
-17
Let y be 0/2 - 6/(-6). Let p(a) = a + 3 - y + 0*a + 0. Suppose -25 = 4*o + o, -4 = -4*n + 4*o. Give p(n).
-2
Let t(l) = -47*l + 76. Let v(u) = 14*u - 24. Let f(q) = -3*t(q) - 10*v(q). Suppose 0*x - 36 = 5*y - 2*x, -2*x + 18 = -2*y. Calculate f(y).
6
Let b(z) be the first derivative of z**4 - 2*z**3 - z**2 + 6*z + 11. Let w(l) = -11*l**3 + 18*l**2 + 7*l - 18. Let s(x) = -8*b(x) - 3*w(x). What is s(7)?
20
Let z(r) = -3*r**3 - 15*r**2 + 15*r - 6. Let v(q) = -q**3 - 6*q**2 + 5*q - 2. Let d(h) = 8*v(h) - 3*z(h). Give d(4).
-2
Let i(o) = 7*o**2 + o + 37. Let x(t) = 12*t**2 + 2*t + 72. Let p(q) = 7*i(q) - 4*x(q). Determine p(0).
-29
Let h(d) = -1 + 9*d + 17*d - 17*d + 3*d. Calculate h(-1).
-13
Let j(a) be the third derivative of -a**5/15 + a**3/2 - 2*a**2. Let y(u) be the first derivative of j(u). Suppose 0 = 13*o + 3 + 10. Determine y(o).
8
Let k(n) = -2*n**2 - 12*n - 5. Let w be (1/(-4))/(15/300). Calculate k(w).
5
Let n(x) be the second derivative of x**2 + 0 + 14*x - 4/3*x**3 + 1/12*x**4. Determine n(6).
-10
Suppose 3*u = 15, 0*l + 3*l = -4*u + 26. Let v(j) be the first derivative of -1/3*j**3 + 4*j**l - j - 5. Determine v(6).
11
Let d(n) = n**3 - 13*n**2 - 3*n + 47. Let p be d(13). Let z(o) = -2*o + 19. Give z(p).
3
Suppose 2*g + 8 = 4. Let r = g + -4. Let i(n) = -2*n - 9. Calculate i(r).
3
Let f = 16 + -46. Let h be ((-14)/(-5) + 0)*f/(-12). Let x(m) = 7*m**2 - 19*m + 11. Let c(p) = -4*p**2 + 10*p - 5. Let u(y) = -5*c(y) - 3*x(y). What is u(h)?
-8
Let q(b) = -5*b + 5*b - 2 + 5*b - 3*b. Determine q(-7).
-16
Let u(h) = -6*h**2 - 5*h - 2*h**3 - h - h**3 + 2*h**3 - 4. Let b(z) = 2*z - 3 - z**3 + 3*z + 0*z**2 - 2 - 4*z**2. Let c be b(-5). Give u(c).
1
Let i(z) = z**2 + z**3 + 0*z**2 - 1 - 4*z**2 + 3*z - 2*z. Let b = -30 - -32. Determine i(b).
-3
Let c = 1619 + -1597. Let i(s) = s**2 - 23*s + 31. What is i(c)?
9
Let y(x) = 4*x. Let n be y(1). Suppose n*z - 13 + 41 = 0. Let p(i) = -i**3 - 8*i**2 - 5*i + 5. Determine p(z).
-9
Let c(g) be the second derivative of -1/12*g**4 + 0 + g**2 - 2/3*g**3 + 4*g. Suppose -5*k - 47 = -22. Give c(k).
-3
Suppose 60*w = 57*w + 1209. Let k(b) = -401*b - 1 + 2*b**2 - b**2 + w*b. What is k(2)?
7
Let z(q) = -10*q - 39. Let w be z(-8). Let o = -35 + w. Let m(k) = k**3 - 7*k**2 + 8*k - 4. Calculate m(o).
8
Let x(z) = 3*z - 1. Let o = -1605 - -1606. Give x(o).
2
Let c(o) = o**2 + 7*o + 3. Let u = 0 - 1. Let a(l) = -3*l - 3. Let z(v) = 5*v + 5. Let k(q) = 7*a(q) + 4*z(q). Let r(w) = u*c(w) - 5*k(w). Give r(-4).
-6
Let i(d) = 1 + 1 - 2*d + 2*d**2 - d**3 + 1. Suppose 6 = 3*v + 3*q, q + 9 - 13 = -2*v. What is i(v)?
-1
Let a(m) = 7*m**3 - 2*m + 1. Let u be a(1). Let d(y) = -6*y**2 + 14*y + 11. Let z(t) = 5*t**2 - 11*t - 10. Let p(q) = 6*d(q) + 7*z(q). What is p(u)?
2
Let h(i) = 51*i**2 - 14*i - 28*i**2 - 24*i**2 - 12 - 3. What is h(-11)?
18
Suppose 5*i = 5 + 20. Let j(w) = 3*w + 8. Let s(v) = v + 4. Let m(t) = i*s(t) - 2*j(t). Calculate m(0).
4
Let j(t) = 3*t + 2. Let h(b) = -32*b - 28. Let a(v) = 2*h(v) + 22*j(v). Give a(5).
-2
Let w(g) = -g + 1. Let c(r) = -11*r + 8. Suppose 0 = 5*j + 4*n - 290, 6*j - 2*j - 2*n = 232. Suppose 6*x + j = -50. Let b(f) = x*w(f) + 2*c(f). Give b(-2).
6
Let r(a) = 2*a**2 + 2*a - 1. Suppose -2*s - 2*h + 27 = 33, 1 = -2*s + 3*h. What is r(s)?
3
Suppose 4*c - 62 = 4*n + 22, n - 1 = 0. Let p be (-1 + c)*(-2)/(-6). Suppose 0 = -3*r + p*r - 12. Let f(q) = q**2 - 3. Determine f(r).
6
Let t(b) = 5*b + 1. Let z(r) = -10*r - 2. Let p(o) = 7*t(o) + 3*z(o). Let u be (-20)/16 - (-2)/8. Let d = u - 0. Give p(d).
-4
Let q(g) = 7*g + 9. Let v = -2 + -4. Let d(n) = 26*n + 34. Let j(t) = -39*t - 51. Let u(a) = 7*d(a) + 5*j(a). Let x(m) = v*u(m) - 11*q(m). Calculate x(0).
3
Let g be (-102)/90 + (-2)/(-15) - 54. Let d = 57 + g. Let w(v) = v**3 - 3*v**2 + 2*v - 1. Calculate w(d).
-1
Let i be 4/(-16) - 85/(-4). Suppose 5*a - t = 21 + 6, i = 3*a - 3*t. Let g(b) = -3*b + 4. Calculate g(a).
-11
Let j(o) = -62*o - 238. Let z be j(-4). Let v(k) = k**3 - 11*k**2 + 11*k - 14. What is v(z)?
-4
Let s(a) be the second derivative of -a**4/12 - a**3 - 510*a. Calculate s(-7).
-7
Let y(h) = h. Let c(m) = m**3 + 17*m**2 + 14*m - 27. Let n be 22/77 - (-114)/(-7). Let v be c(n). Calculate y(v).
5
Let c(l) = -24*l**2 - 23*l**2 - 6 + 91*l**2 - 21*l**2 - 22*l**2 - 5*l. Determine c(7).
8
Let m be -2*(-1 - (-3 - -1)). Let l(w) = -3*w + 3*w**2 - w**2 + 14*w - 3*w**2 - 9*w. Calculate l(m).
-8
Let o(n) = -3*n**2 + 4*n - 1. Let t(b) = 5*b**2 - 5*b + 2. Let x(a) = -3*o(a) - 2*t(a). Let c be (9 + -1)/(-2) - -1. Determine x(c).
-4
Let w(j) be the first derivative of -j**7/840 - j**6/45 - j**5/120 - j**4/6 - 19*j**3/3 - 7. Let n(m) be the third derivative of w(m). Determine n(-8).
4
Let l(x) = 1 - 49*x + 26*x**2 + 50*x - 31*x**2. What is l(-1)?
-5
Let a(l) be the third derivative of l**6/120 + l**5/4 + 7*l**4/12 - l**3/2 + 9*l**2 - 4*l. What is a(-14)?
-3
Let n(l) = 9*l - 9. Let y(o) = o**3 + 9*o**2 + 13*o + 4. Let x be y(-7). Let s(h) = 3*h - 3. Let v(a) = x*s(a) - 4*n(a). Determine v(2).
-3
Let s(z